+ 5*o = -0*j + 135, -w*j = -5*o - 95. What are the prime factors of j?
23
Suppose 12*o - 1704 = 6*o. List the prime factors of o.
2, 71
Suppose -m + 6*m = 20, -3*m - 368 = -5*p. List the prime factors of p.
2, 19
Let m = 29 - 26. Suppose -m*f - 163 = 5*n + 81, 360 = -5*f + n. Let t = f + 115. What are the prime factors of t?
2, 3, 7
Suppose 4*j - 3*a - 2365 = 0, 13*a - 12*a = 5*j - 2959. What are the prime factors of j?
2, 37
Suppose -22 = -4*z + 2. Let h = z - 2. Let x = h - 2. List the prime factors of x.
2
Let t(c) = -c**3 - c**2 + 5*c - 1. Let h be t(3). What are the prime factors of (0 - h)/(2/4)?
2, 11
Suppose -12*q - 23760 = -39*q. What are the prime factors of q?
2, 5, 11
List the prime factors of (-1541 - -3)/(6 + -8).
769
Suppose 1170 = -p - 2*p. Let a be (-2)/7 + p/(-91). Suppose 200 = a*i + 28. What are the prime factors of i?
43
Let h be (-65)/(3 + -2)*-1. Let c = h - -45. What are the prime factors of c?
2, 5, 11
Suppose -4*o = -14*g + 10*g - 68, -3*o = 4*g - 58. What are the prime factors of o?
2, 3
Let a(v) = -92*v + 220. List the prime factors of a(-12).
2, 331
Let k be (-3)/12 - 17/(-4). Let m(s) = -2*s**2 - 23*s - 27. Let p be m(-10). Suppose 4*h + 3*v = 21, k*v = -p*h - v + 2. What are the prime factors of h?
3
Suppose -18*g + 21*g = 84. List the prime factors of g.
2, 7
List the prime factors of 1898 + 0/2 - (-189 - -187).
2, 5, 19
Suppose 20 = 5*u, 4*u = b - 185 - 526. List the prime factors of b.
727
Let m be -4 + 135/(-6)*(-232)/(-12). List the prime factors of ((-32)/48)/(m/219 - -2).
2, 73
Let d = -770 + 805. What are the prime factors of d?
5, 7
Suppose 12*r = 16*r + 256. Let f = r - -180. List the prime factors of f.
2, 29
Suppose -43*r + 113632 = -1092. What are the prime factors of r?
2, 23, 29
List the prime factors of (-222)/(-4) - (-57)/(-38).
2, 3
Let o(b) = 16*b**2 - 9*b + 79. What are the prime factors of o(5)?
2, 7, 31
Suppose 2*w + 837 = 11*w. Let s = w - -43. What are the prime factors of s?
2, 17
Suppose -13*f - 18073 + 50833 = 0. What are the prime factors of f?
2, 3, 5, 7
Let m = -1058 + 1226. List the prime factors of m.
2, 3, 7
Let d = 160 + 51. Suppose 5*y - 109 = d. What are the prime factors of y?
2
Let l = 257 - 141. Suppose -2*t - l = -4*t. What are the prime factors of t?
2, 29
Let p be -18 - (-5 - -3) - 1. Let s = p + 3. List the prime factors of (-904)/s + (-8)/14.
2
Let q(v) = v - 3. Let h(o) = -7*o. Suppose 4*i = i - 3. Let t be h(i). List the prime factors of q(t).
2
Suppose z = i + 1, -2*i + i + 2 = -2*z. Let v = -7 + z. List the prime factors of 19/2 - v/20.
2, 5
Let p = 15 + -1. Let k(t) = t**2 - 7*t - 21. List the prime factors of k(p).
7, 11
Suppose -16*d + 7*d + 180 = 0. Suppose -13*b + d*b - 735 = 0. What are the prime factors of b?
3, 5, 7
Let i(v) = -v**2 - 8*v - 1. Let a be i(-8). Let t(g) = 5*g**2 - 6*g + 4. Let x be t(4). What are the prime factors of a + -2 + x + -9?
2, 3
Let q = -1151 - -3182. What are the prime factors of q?
3, 677
Let y(l) = 11*l - 8. Let q = 11 + -5. Let j be y(q). Suppose 42 = 5*b - j. List the prime factors of b.
2, 5
Suppose 22*v - 11569 = 1895. List the prime factors of v.
2, 3, 17
Let v be 9/4*(-32)/(-12). Let f be 1*(-3)/v*-10. Suppose -39 = -f*a + 61. List the prime factors of a.
2, 5
Let z = -3 - -5. Suppose -2*y - z*l = 84, y - 2*l = -6*l - 42. Let r = -14 - y. What are the prime factors of r?
2, 7
Let j = -186 + 202. Let c(k) = 3 - 10 + 3*k - 4. What are the prime factors of c(j)?
37
Let a be 1/2*-2 - -87. Let p = -60 + 34. Let f = p + a. What are the prime factors of f?
2, 3, 5
List the prime factors of 19/((-171)/(-36)) + 512 + 1.
11, 47
Suppose -4*r = -2*l + 92, 5*r + 0*r + 133 = 3*l. Suppose -7 = d + 5*a - l, -13 = 3*d - 5*a. What are the prime factors of d?
2
What are the prime factors of (-15)/75 + 41722/10?
2, 7, 149
Let l(d) be the third derivative of -d**6/120 + d**5/10 + d**4/2 - 3*d**3/2 + 11*d**2. List the prime factors of l(7).
2, 13
Let c(w) = -110*w**3 - w**2 + 2*w. Let o be c(-2). Suppose 3*a - 49 = t + 235, 3*t + a + o = 0. What are the prime factors of 3/((-5)/(t/6))?
29
Let f = 13 - 13. Suppose f = -g - 2*r - 142, -r + 150 + 445 = -4*g. Let y = -103 - g. What are the prime factors of y?
3, 5
Suppose 2*k - 764 = -244. Suppose 11*c - k = 7*c. What are the prime factors of c?
5, 13
Suppose 12*b - 7 = -31. Let q(n) = -26*n**3 - 2*n**2 + 3*n + 2. List the prime factors of q(b).
2, 7
Let u(b) = -5*b**3 - 2*b**2 + 2*b + 3. Let s be u(-1). Suppose -c = r - 6, -r = s*c - 0*c - 12. What are the prime factors of (16 + -12)*19/r?
19
Let d(y) = -8*y + 5. Suppose 25 = -0*v - 5*v. Let p be d(v). Suppose -5*i + p = -25. What are the prime factors of i?
2, 7
Let o be -1 + -1 - (21 - 23). Suppose -2*s = b - o*b - 529, 3*b + 1043 = 4*s. What are the prime factors of s?
263
Suppose -11289 = -6*k - 999. What are the prime factors of k?
5, 7
Let h = 1317 + -910. List the prime factors of h.
11, 37
Let x be (-3 - -2) + 615 + 0. Suppose -6*y - x + 1610 = 0. What are the prime factors of y?
2, 83
Suppose -12*y + 7*y = -7770. Suppose -126 + y = 6*o. Suppose 5*w - 79 = -2*x - 0*w, -o = -5*x + w. List the prime factors of x.
47
Let x be -10*((-30)/25 + 1). Suppose -2*z + x = -w + 6, 4*w - 5*z = 28. What are the prime factors of w?
2, 3
Let o be (-4 + (-50)/(-15))/1*-6. Let f(n) = -n - n - 2*n + 2*n**2. List the prime factors of f(o).
2
Let u = 24 + -21. Suppose z + 2*i = 1, -3*z = -z + u*i - 4. List the prime factors of z.
5
Suppose j + 3*f - 299 = 115, -5*f + 404 = j. List the prime factors of j.
3, 11, 13
Suppose 0 = 5*p + 5*r + 30, 2*p + 2*r - 48 = 6*p. Let s be 932/(-18) - p/(-45). What are the prime factors of (-5 - -8)*s/(-6)?
2, 13
Let t(u) be the third derivative of -23*u**6/120 + u**5/60 - u**4/24 + u**3/6 - 4*u**2. Let i be t(1). Let c = 20 - i. List the prime factors of c.
2, 3, 7
Let a(l) = -3*l**2 - 4 - 1 + 5*l + 0 + 2*l**3. Let r be a(4). Let y = r + -59. List the prime factors of y.
2, 3
Let q(c) = -8*c - 1. Let y be q(-4). Let n = -6 - -53. Let g = n - y. What are the prime factors of g?
2
Let m(v) = v**2 + 6*v + 11. Let j be m(-4). Suppose -j*y + 246 = -z, -z = 4*y - 5*z - 328. What are the prime factors of y?
2, 41
Suppose 7*o = 5*o - 24. Suppose 4*x + 53 + 84 = 5*p, -p = -x - 28. What are the prime factors of p/(-2)*o/10?
3, 5
Let g = -244 + -138. Let z = 558 + g. List the prime factors of z.
2, 11
Suppose -23*v = -42065 - 21760. What are the prime factors of v?
3, 5, 37
Let z(j) be the third derivative of -j**4/12 - 2*j**3/3 - 4*j**2. Let f be z(-3). Suppose -x - 37 = -2*x + 5*h, -x = f*h - 37. What are the prime factors of x?
37
Let r = 789 - 442. List the prime factors of r.
347
Suppose 0 = -5*c - v + 492, -3*c = -4*c + 3*v + 92. Suppose -4*y + 142 = -c. What are the prime factors of y?
2, 3, 5
Let s(w) = -5 + 1357*w**3 - w + 7*w - 4*w**2 - 1354*w**3 - 3*w**2. What are the prime factors of s(5)?
3, 5
Let d(j) = 10*j**3 - 3*j**3 + 2*j + 17 - 9*j**2 - 6*j**3 + 0. List the prime factors of d(11).
281
Suppose 0*v + 3*f - 66 = v, 20 = -5*f. Let b = -54 - v. List the prime factors of b.
2, 3
Let o(w) = w**3 + 44*w**2 - 6*w - 148. What are the prime factors of o(-44)?
2, 29
Suppose 3*y - 8 = 4*a, -y - 19 = -5*y - 3*a. Suppose y = -4*m - 4. What are the prime factors of (-450)/9*1/m?
5
Let j(r) = -11*r**3 - 15*r**2 - 21*r - 2. What are the prime factors of j(-4)?
2, 3, 7, 13
Suppose -3*o - o + 24 = 0. Suppose 2*a - o*s = -s + 116, a = 4*s + 61. What are the prime factors of a?
53
Let b = 311 - 308. Let l(j) = -j**3 - 2*j**2 + 3*j - 1. Let n be l(2). Let f = b - n. What are the prime factors of f?
2, 7
Let x(i) = i**2. Let j be x(2). Suppose 0*z + j*z = 3*b - 133, 2*b - 82 = z. Let a = 57 - b. List the prime factors of a.
2, 3
Suppose 0 = -194*n + 206*n - 41340. List the prime factors of n.
5, 13, 53
Let g(t) = -t**3 - 5*t**2 - 6*t - 5. Suppose 5 = y - 2*y. List the prime factors of g(y).
5
Let y(v) be the third derivative of -v**6/240 + 3*v**5/40 - v**4/3 - 5*v**2. Let q(j) be the second derivative of y(j). What are the prime factors of q(-12)?
3, 5
Let o be 2/(-6) - (-205)/3. Suppose -11 = 3*m - o. Suppose 0*g + m = g. What are the prime factors of g?
19
Suppose 0 = 6*r - 3234 - 1386. List the prime factors of r.
2, 5, 7, 11
What are t